 p**4/2 + 11*p**3/3 + 40*p**2 - 53*p. What is the hundreds digit of f(-6)?
1
Let w(a) = -2*a**3 - 2*a**2 + 6*a - 4. Let v be w(1). Let r(u) = -60*u**3 - u - 4. What is the units digit of r(v)?
8
Let p(s) = -40*s**2 + 15*s - 29. Let h be p(3). Let z = h + 1216. What is the hundreds digit of z?
8
Suppose -2*h + 3*c = 15, 6*h - 4*h - 2*c = -16. What is the tens digit of (-5308)/h - 2*(-12)/108?
9
Let l be 7*4/14 - 13. Let p be 2/l - (-798)/33. Suppose -p*i - 732 = -28*i. What is the hundreds digit of i?
1
Suppose -5*t = 500 + 255. Let i be 4862/(-55)*(-5)/2. Let l = i + t. What is the units digit of l?
0
Let q = -12739 - -23640. What is the ten thousands digit of q?
1
Suppose 17*g - 62132 - 249733 = 0. What is the thousands digit of g?
8
Let u(z) = 10*z - 46. Let l be (-10)/4*252/(-35). What is the tens digit of u(l)?
3
Suppose 19 = -3*x + 37. Let l(k) = 74*k - 11. What is the units digit of l(x)?
3
Suppose 0 = -61*o + 68*o - 3080. What is the tens digit of (o/(-15))/(-8)*(-1 - -94)?
4
Suppose -5*y + 20*a - 34586 = 17*a, 3*y + a + 20746 = 0. What is the tens digit of ((-3)/(-2))/((-27685)/y + -4)?
9
What is the thousands digit of (-54)/(-45)*(-298725)/(-45)?
7
Let z = -144 - -144. Suppose y + 2*q - 504 = z, 0*q - 2*q = 5*y - 2520. What is the tens digit of y?
0
Suppose -4*d = 4*n - 26228, 0 = -5*d + 584 - 594. What is the hundreds digit of n?
5
Let c be ((-8 - -17) + -18)/((-3)/334). Suppose 4*a = 10*a - c. What is the units digit of a?
7
Suppose -6*n + 5 = -5*n. Suppose -16*f + 60 = -15*f. Suppose 6*m - n*m = f. What is the units digit of m?
0
Let r(v) = -18 - 15 + 75 - 5*v - 16 - 19. Let n be -3*(-1)/(6/(-10)). What is the tens digit of r(n)?
3
Let t = -89 + 85. Let x(o) = -2*o**3 + o - 7. Let i(y) = y**3 + 6. Let s(n) = 6*i(n) + 5*x(n). What is the hundreds digit of s(t)?
2
Suppose 0 = -174*g + 186*g. Suppose -a = a + 2. What is the tens digit of (12 + (0 - a))*(5 + g)?
6
Suppose -2*g - 3*o + 37218 = 0, -18*g + 19*g - 2*o = 18581. What is the tens digit of g?
9
Let x = -35 + 51. Suppose 3*n + 4*f - 4 + 8 = 0, 3*f = n - x. Suppose -v + 125 - 354 = -4*a, 0 = n*v + 4. What is the tens digit of a?
5
Let k(r) = 2799*r - 2563. What is the hundreds digit of k(10)?
4
Let t be 76/10 + -8 + (-1384)/(-10). Let d = -116 + t. What is the tens digit of d?
2
Suppose -21 = -5*k - 2*q, k = 3*q - 0 - 6. Suppose 5*o - k*p - 1204 = 0, 5*o - 4*p + 521 = 1723. Let x = o + -168. What is the tens digit of x?
7
Suppose -2*j = -2*n + 122, 76*n = j + 71*n + 73. Let w = 1416 - j. What is the units digit of w?
4
Let j(p) = 6*p**2 + 11*p + 291. What is the units digit of j(-16)?
1
Let i be 0/(-3)*(-4 - -3). Suppose -68 = -2*k + k + 4*d, -5*k - 2*d + 362 = i. What is the tens digit of k/(-32)*60/(-3)?
4
Suppose 110*w + 15604 = 111*w. What is the tens digit of w?
0
Let z(r) = r - 4. Let i be z(6). Suppose i*c + c - 225 = -3*d, -2*d - 3*c = -146. Let w = d - 20. What is the units digit of w?
9
Suppose 10*d = 4 + 26. Let g be (-21)/(((-3)/(-57))/(2/d)). Let r = 429 + g. What is the units digit of r?
3
Let a = 6623 + -5373. What is the tens digit of a?
5
Let i(s) = -279*s + 98. Let f(o) = 15*o + 26. Let g be f(-2). What is the thousands digit of i(g)?
1
Let x be ((-300)/(-350))/(1/(2*7)). Let a(i) = 61*i**2 + i. Let v be a(-1). Let h = x + v. What is the tens digit of h?
7
Let d = 16157 - -7536. What is the units digit of d?
3
Let s(c) = -c**3 + 31*c**2 + 65*c + 35. Let j be s(33). Suppose 0 = j*g - 2*m - 1384, m - 712 = -g - 2*m. What is the units digit of g?
7
Suppose -5*j + 45 = 3*m, m = 4*j - 7 + 5. What is the hundreds digit of (-2 + 5/m)/((-2)/388)?
2
Let p(x) = -x**3 + 9*x**2 - 7*x - 2. Let h be p(8). Let i(j) = 6 + 10*j + 8 - 7. What is the tens digit of i(h)?
6
Let b be 2/7 + (356/(-28))/(-1). Suppose -4*i = w - b - 13, -i - 172 = -5*w. Suppose -9 = z - w. What is the tens digit of z?
2
What is the ten thousands digit of 2 + (-2865 - -1)/(1264/(-112) + 11)?
1
Suppose -28*y + 126*y - 653170 = 0. What is the tens digit of y?
6
Suppose 3*i = 2*v + 5*i - 14, 3*v - 24 = -4*i. Suppose -w - v*k = -277, -w + 10*k - 12*k + 283 = 0. What is the hundreds digit of w?
2
Suppose 5*c + 4*n - 15 = 0, n + 0 = -2*c + 6. Let j(a) = -5*a**2 - 6*a - 5*a - a**c + a - 15. What is the tens digit of j(-6)?
8
What is the hundreds digit of 9/(567/(-18)) - (-10984)/28?
3
Let h be -10 + -110 - (-1 - 1)*-1. Let v = h - -37. Let l = 2 - v. What is the tens digit of l?
8
Let m(o) = o**2 - 3. Let z = -1 + -2. Let b be m(z). Suppose 10*c = b*c + 324. What is the tens digit of c?
8
What is the tens digit of ((-121)/22 + 34)*983*2?
3
Suppose 4*a = -3*f + f + 36, -a + 5*f = -9. Suppose -a*r = -7*r + 24. Let i(v) = -v**3 - 12*v**2 - 6*v - 4. What is the tens digit of i(r)?
6
Let d = -23676 - -36900. What is the ten thousands digit of d?
1
Let q(w) = -w**2 + 14*w - 26. Let v be q(8). Suppose -v = 3*y - 487. Let d = y + -93. What is the tens digit of d?
6
Let z(d) = -d**2 - 13*d + 113. Let q be z(-17). Suppose -4*x + 156 = -x. Let j = q + x. What is the tens digit of j?
9
Let u(t) be the second derivative of -61*t**3/2 - 9*t**2/2 - 38*t. Let d be u(-6). Suppose c - 10*c = -d. What is the tens digit of c?
2
Let x = -7079 - -10978. What is the tens digit of x?
9
Let y be (-1)/(-2) - (-243)/54. Let s(l) = l**3 + l + 3*l - y*l**2 - 25*l + 16. What is the units digit of s(8)?
0
Let x = -66 + 72. Suppose -x*c = -4*d - 2*c + 760, 0 = 5*d - 2*c - 959. What is the units digit of d?
3
Let y be -1 - (232 + -1)/(-3). Let h(g) = 64*g**2 - 20*g - 6. Let t be h(-1). Suppose -y*j = -73*j - t. What is the tens digit of j?
2
Let g(w) be the first derivative of 3*w**2 + 54*w - 68. What is the tens digit of g(33)?
5
Let i(p) = 5*p**2 + 19*p - 10. Let b(t) = 6*t**2 + 20*t - 11. Let a(l) = -2*b(l) + 3*i(l). Let x = -15 + 6. What is the units digit of a(x)?
2
Suppose -2*f + 10 = 4*h, 0*f + f = 5. Let u be (-2101 + 2/(-1))*(h - 1). What is the hundreds digit of u/11 + 28/(-154)?
1
Suppose -m = m + v + 5, 4*m = 2*v + 10. Let n be (m + -18)*((-7)/(-2) - 3). What is the units digit of 30/n*-18 + 0?
0
Suppose 3*j - 2*j = 6*k - 6215, 0 = k - 4*j - 1032. What is the hundreds digit of k?
0
Let z = -123 - -126. Let l be z + 10/(5/1). Suppose -5 = l*c, d + d + c - 19 = 0. What is the tens digit of d?
1
Suppose 4*o - 126 = -0*o - 5*f, 3*o - 81 = 3*f. Suppose 3*j - 4 = 5*i + 11, -3 = -5*j + i. Suppose j = -z + 23 + o. What is the tens digit of z?
5
Suppose 10*l + 2109919 = 83*l. What is the tens digit of l?
0
Let h = 219 + -158. Suppose h + 23 = 12*x. What is the units digit of x?
7
Suppose 3*t - f = -0*t + 59007, 0 = 4*f + 24. What is the ten thousands digit of t?
1
Suppose 15*o = 1826 + 2584. Suppose 419 + 525 = 4*k. Suppose -3*s + k = 5*w, -3*w - 11 = -4*s + o. What is the units digit of s?
7
Suppose 0 = 6*y + 30*y - 30636. Suppose t + 2*x - 430 = 0, x - y = -t - t. What is the hundreds digit of t?
4
Let v(z) = -2124*z**3 + 7*z**2 + 6*z - 1. Let u be v(-1). Suppose 6*m - 2316 = u. What is the units digit of m?
0
Let v be 2/(-4) + (615/10)/3. Suppose -12*n = -7*n + v, 5750 = 5*b + 5*n. What is the units digit of b?
4
Let o(t) = 552*t**2 - 160*t + 314. What is the tens digit of o(2)?
0
Let d(v) = v**2 + 8*v - 48. Let z be d(4). Suppose z = -5*p + 2*p + 4863. What is the hundreds digit of p?
6
What is the units digit of 2280 - 2/(-13)*(9 - 22)?
8
Suppose 0 = 3*p - p - 42324. Let q be p/30 - (-2)/(-5). Suppose -q = -f - 2*f. What is the tens digit of f?
3
Let q = 314 - 311. What is the hundreds digit of (-213 + 21/q)*10/(-4)?
5
Suppose 2*k - 4*p = p, -2*p + 29 = 5*k. Suppose -24 = -k*v + 1. Suppose 4*y = v*o + 218, -368 + 146 = -4*y + 3*o. What is the tens digit of y?
5
Suppose d - 3 = 4*d, -5*d = 2*a - 2403. Suppose 5*l + j - 2472 = 0, -2*l - 2*j + a = 212. What is the hundreds digit of l?
4
Let c = -53532 - -93413. Suppose 3838 = 39*y - c. What is the tens digit of y?
2
Let p(m) = 18*m**2 + 46*m + 645. What is the units digit of p(-15)?
5
Suppose -3*l + 6*l = -5*o - 14, 0 = -2*o - 8. Suppose -6 = 2*x, 4*p = -l*x - 2*x + 1656. What is the tens digit of p?
1
Suppose 4*m + t - 57671 = 0, -3*m - 8322 = 6*t - 51570. What is the ten thousands digit of m?
1
Let a = 68 - 59. Suppose a*v - 101 = 1870. Suppose 4*l - 300 = -4*x, 3*x + 8*l - 3*l - 